63513 and 27.
27
What is the highest common factor of 29342098 and 13664?
122
Calculate the greatest common divisor of 18403 and 7168.
7
Calculate the greatest common factor of 525888 and 304942.
1826
What is the highest common divisor of 4266822 and 2415?
483
What is the highest common factor of 44990639 and 2159?
127
What is the highest common factor of 162 and 14320098?
54
Calculate the highest common divisor of 55 and 183164795.
55
What is the highest common divisor of 816 and 5924964?
12
What is the highest common divisor of 986 and 183108581?
493
Calculate the highest common factor of 36562064 and 4928.
1232
What is the highest common factor of 1 and 277309?
1
What is the greatest common divisor of 2238090 and 8235?
915
Calculate the highest common factor of 19870 and 32590.
10
What is the greatest common factor of 51863 and 64892324?
1673
Calculate the greatest common factor of 6232 and 73416.
152
What is the greatest common divisor of 2947084 and 147?
7
Calculate the highest common factor of 1020 and 19116330.
510
Calculate the highest common factor of 39 and 1216102992.
39
What is the highest common factor of 24 and 14487042?
6
What is the greatest common factor of 7069648 and 96048?
368
Calculate the highest common factor of 10307996 and 582.
194
Calculate the greatest common factor of 368 and 29208160.
368
What is the highest common factor of 19925196 and 132?
12
What is the greatest common factor of 3460 and 224208?
692
Calculate the greatest common factor of 37454 and 1142040.
614
What is the greatest common divisor of 74 and 1289161918?
74
Calculate the highest common divisor of 3815880 and 25188.
12
Calculate the greatest common factor of 34641 and 16185045.
3849
What is the greatest common divisor of 2920 and 1161520?
40
What is the highest common divisor of 3477 and 3149064?
183
Calculate the greatest common factor of 1891811 and 646.
323
Calculate the highest common divisor of 1442541744 and 3024.
3024
What is the greatest common factor of 76335542 and 442?
34
What is the highest common divisor of 49 and 45797752?
49
Calculate the greatest common factor of 1360 and 5132240.
80
What is the greatest common divisor of 3630 and 13100065?
605
Calculate the highest common factor of 133190356 and 676.
52
What is the greatest common factor of 8908988 and 704?
44
What is the highest common divisor of 176225 and 23370?
95
Calculate the highest common factor of 933 and 1484714.
311
What is the highest common factor of 233 and 6760961?
233
Calculate the greatest common factor of 352010988 and 1297.
1297
Calculate the highest common divisor of 10387 and 1871258.
799
What is the greatest common divisor of 13008 and 3426?
6
Calculate the highest common divisor of 4290 and 19188.
78
What is the highest common factor of 18722016 and 486?
162
Calculate the greatest common factor of 561 and 5912141.
17
Calculate the greatest common divisor of 28381430 and 4123.
217
Calculate the greatest common divisor of 30854508 and 78.
6
Calculate the highest common divisor of 38318 and 9455714.
46
Calculate the greatest common divisor of 6 and 30693.
3
Calculate the highest common divisor of 64527 and 1365479.
137
Calculate the highest common factor of 5392 and 130727692.
1348
What is the greatest common divisor of 2695 and 432465?
55
What is the highest common divisor of 111547 and 22839?
331
What is the greatest common divisor of 154835968 and 512?
512
What is the highest common divisor of 7250 and 261350?
50
What is the greatest common factor of 3 and 259003?
1
What is the highest common divisor of 4814113 and 7924?
283
What is the highest common divisor of 52585848 and 384?
24
Calculate the greatest common divisor of 264562650 and 2475.
2475
What is the greatest common divisor of 13376 and 15860288?
1216
What is the highest common divisor of 3997 and 14872837?
3997
Calculate the greatest common factor of 59204608 and 27648.
1024
What is the highest common factor of 353033 and 265?
53
Calculate the greatest common factor of 50 and 1048925.
25
Calculate the greatest common divisor of 62413 and 18431039.
4801
Calculate the highest common factor of 5538 and 620052017.
923
What is the greatest common divisor of 7031971 and 1814?
907
What is the greatest common factor of 7923556 and 31136?
556
Calculate the highest common divisor of 60764392 and 3536.
1768
Calculate the highest common factor of 29752 and 6264.
8
Calculate the highest common factor of 310022 and 383548.
758
Calculate the highest common divisor of 2428495 and 44955.
185
Calculate the highest common factor of 1150 and 308050.
50
Calculate the greatest common divisor of 3608682 and 106358.
1498
Calculate the highest common divisor of 16222474 and 8633.
97
Calculate the highest common divisor of 524 and 2258444192.
524
What is the greatest common divisor of 699 and 19006742?
233
Calculate the greatest common factor of 135 and 130551870.
15
What is the highest common factor of 5757 and 293612757?
5757
Calculate the highest common divisor of 180973472 and 96.
32
Calculate the highest common factor of 405202 and 8992.
562
Calculate the highest common divisor of 61200 and 124431075.
3825
Calculate the greatest common factor of 24732 and 447768.
108
What is the highest common divisor of 332540467 and 474?
79
What is the greatest common factor of 186610 and 330?
10
What is the greatest common factor of 1584 and 270171?
99
Calculate the highest common factor of 45348752 and 32.
16
Calculate the highest common divisor of 22997 and 12675494.
377
What is the highest common divisor of 125122 and 5767610?
1714
Calculate the highest common divisor of 29421 and 46305.
63
Calculate the greatest common divisor of 71964188 and 177.
59
Calculate the greatest common divisor of 38027731 and 4805.
961
What is the greatest common divisor of 3513698 and 464?
58
What is the greatest common divisor of 21311679 and 21040?
263
What is the greatest common divisor of 40 and 55276104?
8
What is the highest common factor of 3706567 and 5065?
1013
What is the greatest common factor of 5423 and 86020583?
319
Calculate the greatest common divisor of 5944424 and 13297128.
14824
Calculate the greatest common divisor of 96039248 and 16.
16
What is the highest common divisor of 4438382 and 117?
13
What is the highest common factor of 147967939 and 7?
7
Calculate the highest common divisor of 63845 and 4385.
5
What is the greatest common divisor of 2416700 and 11?
11
What is the highest common factor of 2270548 and 1092?
28
Calculate the greatest common factor of 47596 and 202772.
652
What is the highest common divisor of 273 and 25310922?
273
What is the highest common divisor of 28 and 8162147?
7
Calculate the greatest common factor of 12235314 and 1638.
546
Calculate the highest common divisor of 306980 and 19340.
20
Calculate the highest common factor of 6993994 and 2086.
14
Calculate the greatest common factor of 2264 and 7312.
8
What is the greatest common divisor of 161847 and 18987696?
441
Calculate the highest common factor of 126607 and 62358817.
9739
Calculate the highest common divisor of 7125867 and 4995.
999
Calculate the highest common divisor of 114521 and 6583.
29
What is the highest common divisor of 19026 and 5234733?
63
Calculate the highest common factor of 2643472 and 364.
52
Calculate the greatest common factor of 4687 and 45451.
43
What is the greatest common divisor of 1004 and 10752?
4
What is the highest common factor of 5982145 and 1885?
65
What is the highest common factor of 57 and 338379?
3
Calculate the greatest common divisor of 7920 and 19873260.
1980
Calculate the highest common divisor of 1212 and 171464872.
404
What is the greatest common divisor of 29898 and 12641418?
2718
Calculate the greatest common factor of 25575 and 10159413.
1023
Calculate the greatest common factor of 357266 and 10738.
182
What is the highest common factor of 406249 and 187846005?
17663
What is the highest common factor of 1401 and 241059?
3
What is the greatest common divisor of 6230 and 378910?
70
Calculate the highest common factor of 59415130 and 8150.
1630
Calculate the highest common factor of 2514 and 34063443.
1257
Calculate the greatest common factor of 97494355 and 9913.
9913
What is the greatest common facto